ors of 2715023745?
3, 5, 7, 2873041
List the prime factors of 1159071064.
2, 2939, 49297
List the prime factors of 2738211619.
11, 13, 19, 1007807
What are the prime factors of 800999144?
2, 11, 109, 113, 739
List the prime factors of 131773514.
2, 149, 442193
List the prime factors of 942874937.
83, 11359939
What are the prime factors of 1301404175?
5, 2467, 21101
List the prime factors of 53503037.
7, 23, 332317
List the prime factors of 347760894.
2, 3, 13, 4458473
What are the prime factors of 1138415878?
2, 151, 3769589
What are the prime factors of 79671024?
2, 3, 167, 3313
List the prime factors of 203270120.
2, 5, 1019, 4987
What are the prime factors of 1988817255?
3, 5, 5581, 7919
List the prime factors of 100308918.
2, 3, 127, 131639
What are the prime factors of 496567912?
2, 191, 324979
List the prime factors of 355195698.
2, 3, 11, 13, 413981
List the prime factors of 14888291.
11, 23, 83, 709
What are the prime factors of 30849032?
2, 3856129
What are the prime factors of 3613884422?
2, 1806942211
List the prime factors of 3480626671.
211, 599, 27539
List the prime factors of 98339207.
98339207
List the prime factors of 42400839.
3, 13, 17, 31, 2063
What are the prime factors of 2623626296?
2, 327953287
List the prime factors of 640949681.
233, 2750857
What are the prime factors of 646709262?
2, 3, 23, 101, 46399
List the prime factors of 361771863.
3, 120590621
What are the prime factors of 56983523?
97, 587459
What are the prime factors of 234330156?
2, 3, 47, 138493
List the prime factors of 887377669.
887377669
What are the prime factors of 2694035333?
11, 23, 1117, 9533
What are the prime factors of 509191581?
3, 367, 462481
What are the prime factors of 4959843147?
3, 7, 78727669
List the prime factors of 8920727.
103, 257, 337
What are the prime factors of 261467344?
2, 17, 961277
List the prime factors of 2134104632.
2, 11, 83, 292183
What are the prime factors of 6356494738?
2, 11, 3433, 84163
What are the prime factors of 91879561?
91879561
List the prime factors of 87324107.
13, 37, 71, 2557
What are the prime factors of 3088222403?
7, 63024947
List the prime factors of 86885170.
2, 5, 59, 147263
What are the prime factors of 32032657?
1217, 26321
What are the prime factors of 56024011?
953, 58787
List the prime factors of 1859898891.
3, 73, 8492689
What are the prime factors of 2216727722?
2, 11, 1373, 73387
List the prime factors of 275003069.
11, 25000279
What are the prime factors of 287908096?
2, 7, 160663
What are the prime factors of 701489609?
53, 1249, 10597
List the prime factors of 266174407.
1823, 146009
List the prime factors of 133296342.
2, 3, 31, 137, 5231
List the prime factors of 9264971.
9264971
List the prime factors of 117350321.
11, 53, 201287
List the prime factors of 272819319.
3, 90939773
List the prime factors of 3145538949.
3, 7, 23, 607, 10729
What are the prime factors of 116035868?
2, 13, 53, 71, 593
List the prime factors of 1318243.
277, 4759
What are the prime factors of 21042451?
613, 34327
What are the prime factors of 4357131884?
2, 7, 223, 307, 2273
List the prime factors of 43646192.
2, 19, 143573
What are the prime factors of 222975914?
2, 7, 421, 37831
What are the prime factors of 40373694?
2, 3, 23, 32507
List the prime factors of 127103909.
107, 1187887
List the prime factors of 65587315.
5, 71, 184753
What are the prime factors of 45571303?
23, 1981361
List the prime factors of 382421474.
2, 19, 10063723
What are the prime factors of 526912169?
7, 75273167
What are the prime factors of 676776378?
2, 3, 112796063
What are the prime factors of 7993192992?
2, 3, 19, 47, 93239
What are the prime factors of 56273262?
2, 3, 181, 51817
What are the prime factors of 832890854?
2, 47, 173, 51217
List the prime factors of 308025689.
308025689
List the prime factors of 18149030.
2, 5, 17, 106759
What are the prime factors of 694318736?
2, 3359, 12919
What are the prime factors of 169168932?
2, 3, 19, 4339
List the prime factors of 202228246.
2, 11, 157, 58549
What are the prime factors of 24273493?
29, 837017
List the prime factors of 199106527.
199106527
What are the prime factors of 238760250?
2, 3, 5, 318347
List the prime factors of 405097188.
2, 3, 557, 60607
What are the prime factors of 312488778?
2, 3, 7, 151841
List the prime factors of 280043840.
2, 5, 89, 9833
What are the prime factors of 158525731?
7, 13, 17, 14639
What are the prime factors of 292126117?
292126117
What are the prime factors of 3847243258?
2, 23, 127, 658549
What are the prime factors of 55393730?
2, 5, 7, 47, 113, 149
List the prime factors of 93071382.
2, 3, 29, 107, 4999
List the prime factors of 4904181438.
2, 3, 13, 71, 885551
What are the prime factors of 46795960?
2, 5, 1169899
List the prime factors of 219408950.
2, 5, 4388179
List the prime factors of 196305901.
11, 29, 615379
What are the prime factors of 1242803612?
2, 59, 109, 48313
What are the prime factors of 147726765?
3, 5, 3282817
What are the prime factors of 132023109?
3, 29, 1517507
List the prime factors of 3775221853.
13, 19, 53, 288383
What are the prime factors of 665895505?
5, 11, 577, 20983
List the prime factors of 49690905.
3, 5, 11, 61, 4937
What are the prime factors of 1042688315?
5, 1609, 129607
What are the prime factors of 3803014063?
31, 9973, 12301
List the prime factors of 341198164.
2, 37, 2305393
List the prime factors of 1649190103.
11, 139, 239, 4513
List the prime factors of 7351619.
11, 31, 21559
What are the prime factors of 4759827669?
3, 528869741
What are the prime factors of 866040172?
2, 73, 2965891
List the prime factors of 109525931.
23, 53, 89849
List the prime factors of 566927029.
2677, 211777
What are the prime factors of 4135917135?
3, 5, 7, 39389687
What are the prime factors of 450342408?
2, 3, 19, 987593
What are the prime factors of 227007187?
11, 317, 65101
List the prime factors of 2928184083.
3, 11, 47, 629311
List the prime factors of 80997024.
2, 3, 331, 2549
List the prime factors of 96892518.
2, 3, 751, 21503
List the prime factors of 1996969406.
2, 29, 34430507
What are the prime factors of 5912073248?
2, 184752289
What are the prime factors of 74434491?
3, 37, 74509
What are the prime factors of 241516711?
97, 157, 15859
What are the prime factors of 727389054?
2, 3, 7, 179, 32251
List the prime factors of 1686218153.
419, 449, 8963
List the prime factors of 31186238.
2, 15593119
List the prime factors of 485555517.
3, 223, 241931
What are the prime factors of 5546542?
2, 23, 120577
What are the prime factors of 792783010?
2, 5, 53, 1495817
List the prime factors of 131559837.
3, 43853279
What are the prime factors of 2200941242?
2, 127, 8665123
List the prime factors of 48187741.
7, 17, 557, 727
List the prime factors of 7337903493.
3, 19, 4919, 26171
List the prime factors of 29209096.
2, 7, 269, 277
What are the prime factors of 323384496?
2, 3, 6737177
What are the prime factors of 157879100?
2, 5, 241, 6551
What are the prime factors of 6945525505?
5, 73, 463, 563
What are the prime factors of 1199133997?
229, 5236393
What are the prime factors of 82012364?
2, 7, 167, 17539
List the prime factors of 89846031.
3, 11, 29, 223, 421
List the prime factors of 3000931717.
7, 47, 167, 193, 283
List the prime factors of 154910165.
5, 30982033
What are the prime factors of 17975343?
3, 41, 146141
List the prime factors of 4759841612.
2, 22031, 54013
What are the prime factors of 296430853?
17, 2161, 8069
What are the prime factors of 555529074?
2, 3, 23, 61, 65993
What are the prime factors of 372544067?
7, 53220581
What are the prime factors of 64459491?
3, 163, 193, 683
List the prime factors of 2246488357.
2246488357
List the prime factors of 1304630646.
2, 3, 11, 19767131
What are the prime factors of 507763366?
2, 11, 593, 38921
What are the prime factors of 1581258828?
2, 3, 101, 1304669
List the prime factors of 1262986383.
3, 420995461
What are the prime factors of 39497309?
41, 963349
What are the prime factors of 205015143?
3, 863, 79187
List the prime factors of 1025021678.
2, 227, 2257757
What are the prime factors of 31851254?
2, 15925627
What are the prime factors of 173872667?
19, 9151193
List the prime factors of 32925627.
3, 7, 23, 31, 733
List the prime factors of 7078